f x?
13
Let j(g) = -g**2 - 12*g + 7. What are the prime factors of j(-9)?
2, 17
What are the prime factors of 122/2 + 18 + -23?
2, 7
Let t(a) = a - 2. Let y be t(6). Let w(j) = 0*j - 6 - j + 3*j. List the prime factors of w(y).
2
What are the prime factors of 4/(1 + -1 - -1)?
2
Suppose -90 = -x + 4*k, -3*x + 8*x - 381 = -3*k. What are the prime factors of x?
2, 3, 13
Let y(t) = -t**2 + 4*t. Let h be y(3). Suppose x - 7 - h = -c, 5*c = 2*x - 55. What are the prime factors of x?
3, 5
Let x = 113 - 71. List the prime factors of x.
2, 3, 7
Suppose 9*s - 119 = 1663. What are the prime factors of s?
2, 3, 11
Let u(n) = 23*n - 9. What are the prime factors of u(6)?
3, 43
Suppose -3*b = c - 555, c + 2*c = -5*b + 929. What are the prime factors of b?
2, 23
Let d(g) = -g**3 + 10*g**2 - 9*g + 2. Let z be d(9). Suppose f + 2 - 3 = 0. What are the prime factors of 3/z*10/f?
3, 5
Let m = -5 + 7. Suppose 0 = m*a - 0*a - 10. Let l(s) = s**2 - 4*s + 1. What are the prime factors of l(a)?
2, 3
Let i = 11 + 15. List the prime factors of i.
2, 13
Let z(o) be the first derivative of -o**4/4 - 7*o**3/3 - o**2 - 8*o - 8. List the prime factors of z(-7).
2, 3
Suppose k - 5*w = 15, 3*k + w + 0*w + 19 = 0. What are the prime factors of 2 + -2 + (k - -38)?
3, 11
Let q(w) = 9*w + 4. What are the prime factors of q(2)?
2, 11
Suppose 3 = 5*h - 17. Suppose 44 = 2*m - h. Suppose 5*i - 3*u - 60 = i, -3*i - 3*u + m = 0. What are the prime factors of i?
2, 3
Let u = -77 + 113. List the prime factors of u.
2, 3
Let a be (0 - -2)*-1 + 4. Suppose -a*m - 23 = -59. What are the prime factors of m?
2, 3
Suppose -7*p + 4*p - 2*l = -61, 0 = 4*l + 4. What are the prime factors of p?
3, 7
Suppose -t - 4*w = 4*t + 14, t - w = -10. Suppose -5*o - 20 = 0, -v + 3*o = -5 - 20. Let j = v + t. What are the prime factors of j?
7
List the prime factors of -8*(0 - 1 - 3).
2
Let t(d) = -1. Let a(p) = p**3 - 5*p**2 + 2*p + 1. Let k(g) = -a(g) + 2*t(g). What are the prime factors of k(4)?
5
Suppose 12*d = d + 231. List the prime factors of d.
3, 7
Suppose -4*k + 9 + 39 = 4*v, -54 = -5*v - 2*k. Suppose 6 = -2*b - 2. Let d = b + v. What are the prime factors of d?
2, 3
Let a be 23 - (2*-1 + 3). What are the prime factors of a/6*(-2 + 5)?
11
Suppose 5*d + 0 = 15. Suppose 0 = 5*q + 5*x - 230, -4*q + d*x + 76 = -94. List the prime factors of q.
2, 11
Let c(t) = t**2 + 11*t - 9. Let g be c(-12). Suppose -3*v + g = -99. List the prime factors of v.
2, 17
Suppose 0 = 3*x + 15, -6*g + 179 = -2*g - 3*x. List the prime factors of g.
41
What are the prime factors of 26 + (0/(-1))/4?
2, 13
List the prime factors of 186 + -2 + 5 + -3.
2, 3, 31
Let z(q) = -2*q + 1. Let w be z(-1). Let f(y) = -y - 2. Let j be f(-4). Suppose j = w*s - m - 24, 4*m = -8. What are the prime factors of s?
2
Suppose 7 = -5*q + 27. Suppose 0*o = -4*a - q*o + 32, 0 = -4*o. What are the prime factors of a?
2
Let h(u) = 6*u**3 + u**2 + u. Let y be h(2). Let l = y - 21. List the prime factors of l.
3, 11
Suppose -3*l = -3 - 3. Suppose -j + 0 + l = 0. Suppose 4*g - 30 = 2*x, -j*g + 9 = -g + x. List the prime factors of g.
2
Let y(g) = 3*g - 1. Let p be y(1). Suppose 0 = -3*m - p*a + 29, -4*a + a - 67 = -4*m. What are the prime factors of m/3 - 10/(-15)?
5
Let g(c) = c**2 + 6*c + 3. Let z be g(-4). What are the prime factors of (2 - 4) + (11 - z)?
2, 7
Let p = 23 + -7. What are the prime factors of p?
2
Suppose -2*i + y = -7, -3*i - 3*y = -19 - 5. What are the prime factors of i?
5
Suppose -a + 36 = 2*a. List the prime factors of a.
2, 3
Let u = -165 - -105. Let o = -33 - u. What are the prime factors of o?
3
Suppose 0 = 4*t - 5*m - 42, t + 4*t = -2*m + 69. Let j = -9 + t. List the prime factors of 38/j + (-6)/4.
2
Let h(u) = -3*u - 6. Let i be h(-5). Suppose 3*y - i = -5*q, 5*y + 5 = 5*q + 20. Suppose 2*a - 24 = -q*a. List the prime factors of a.
2, 3
Suppose 2*s + 1 - 13 = 0. Let x = s + 2. List the prime factors of x.
2
Suppose -2 = i - 7. Let c = i + -3. What are the prime factors of c?
2
Suppose a = -4*a + 35. Suppose 0 = -4*q + a*q. List the prime factors of (q - (-1)/2)*4.
2
Let r(z) = -3*z - 6. Suppose 9 + 16 = -5*w. List the prime factors of r(w).
3
Suppose -2*j - 17 = v + 2*v, j + 16 = -4*v. Let a be -15*(2/v)/2. Suppose -2*i + 54 = 4*c, 4*c - 27 - 42 = -a*i. List the prime factors of c.
11
Suppose 3*y + 11*y = 3052. What are the prime factors of y?
2, 109
Let u(y) = -y**2 - 7*y + 3. Let g be u(-7). Suppose 3*b + b = -5*d - 1, 5 = g*d + b. What are the prime factors of d?
3
Let o(z) = -70*z - 1. What are the prime factors of o(-1)?
3, 23
Suppose 0*t + 63 = t. Let d = t + -45. What are the prime factors of d?
2, 3
What are the prime factors of 1/2 - 518/(-4)?
2, 5, 13
Let y(v) = -v**2 - 6*v - 2. Suppose 5*p = -0*p - 20. What are the prime factors of y(p)?
2, 3
Let u = -2 + 38. What are the prime factors of u?
2, 3
Suppose 2*d + x - 537 = 2*x, -3*d + 3*x = -798. What are the prime factors of d?
271
Let v = -13 + 5. Let t = -3 - v. Suppose -y = 3, 6*p = 2*p + t*y + 27. List the prime factors of p.
3
Suppose 0 = -7*p + 6*p + 28. List the prime factors of p.
2, 7
Suppose -4*u - 3*m - m + 472 = 0, 0 = -u + m + 108. What are the prime factors of u?
113
Suppose 5*o + 7 = -3*z, -o - z - 3 = -0*z. Let c(g) = g - 1. Let y(r) = 7*r + 7. Let k(s) = 6*c(s) + y(s). What are the prime factors of k(o)?
2, 7
Let n(q) be the third derivative of q**6/120 + 11*q**5/60 - q**4/24 - 4*q**3/3 - q**2. Let b be n(-11). Let m = 9 - b. List the prime factors of m.
2, 3
Suppose r = 14 + 16. Suppose 5*o + 0*k - r = -5*k, 4*k = -2*o + 10. Suppose 56 = -3*i + o*i. What are the prime factors of i?
2, 7
Let w(v) = 4 - 3 - 3 - v**2 + 5*v. Let x be w(4). Suppose -p + 33 = x*p. What are the prime factors of p?
11
Let v(l) = 3*l + 34. Let w(p) = p + 11. Let s(u) = -4*v(u) + 11*w(u). Let m be s(0). List the prime factors of 0/(-1) - (3 + m).
2, 3
Let s(k) = 5*k - 1. Suppose 0 = 4*o + 2*c - 6*c + 16, c = -3*o. Let t be s(o). Let w(r) = -r**2 - 5*r + 8. What are the prime factors of w(t)?
2
Let u(t) = t**2 + t. Let o be u(-2). What are the prime factors of o + 2 - (0 - -1)?
3
Suppose 4*b + b = 140. Suppose 6*t + b = 4*m + 2*t, -3*t = 15. What are the prime factors of m?
2
Suppose -56 = -2*g + d, 5*d = -5*g + 173 - 3. Suppose -4*b + 218 = g. What are the prime factors of b?
47
Let d(r) = -9*r**2 + 25*r + 7. Let w(o) = -5*o**2 + 13*o + 3. Let b(s) = 4*d(s) - 7*w(s). Let x be b(7). What are the prime factors of (-2)/4 - x/(-2)?
2, 5
Suppose 0 = -8*v + 4*v + 16. Suppose -q + 4*u = -3*q + 20, v*q - 4 = u. List the prime factors of 2*(-3 + q)*-1.
2
Let z(k) = -k**3 + 8*k**2 - 3*k - 5. Let v be z(7). Let h = -15 + v. What are the prime factors of h?
2
Let n = 103 + -2. What are the prime factors of n?
101
Suppose 5*o = 3*g + 12, -o + 0 = -3. List the prime factors of 34*g - (-2 + 1).
5, 7
Let k be (-4 + 4/2)/2. Let q = k - -5. List the prime factors of 1/(2/q) - -6.
2
Let p = -18 + 8. Let j = 19 + p. List the prime factors of j.
3
Suppose 0 = 4*h - 5*h + 3. Suppose h = 3*n - v, 0 = 4*n - 3*v + 4 - 13. Suppose 2*x - 28 = -n*x. What are the prime factors of x?
2, 7
List the prime factors of 2 - 6 - 96/(-6).
2, 3
Suppose 2*f + 4*f - 1416 = 0. List the prime factors of f.
2, 59
Suppose -2*d + 7 - 27 = 0. Let i be d/4*16/(-10). What are the prime factors of 284/16 + (-3)/i?
17
Let p(t) be the first derivative of -5*t**2/2 - 6*t + 2. Let y be p(-4). Suppose 0 = 4*r - 14 - y. List the prime factors of r.
7
Let z(b) = b**2 - 5*b + 6. Let s be z(4). Suppose 4*c = -s*v + 24, c = -4*v + 6*c + 35. List the prime factors of v.
2, 5
Let z(k) = -k**3 - 6*k**2 + 9*k + 6. Suppose 4*r = 4*d - 20, -5*r - 11 = 5*d + 34. Let n be z(r). Let m = n + 15. List the prime factors of m.
7
Suppose -x - 120 = -4*x + 2*a, -91 = -2*x + 5*a. Suppose x = 4*o - 30. What are the prime factors of o?
17
Suppose -5*o - 3*r = -2*r - 311, -3*r = 3*o - 177. List the prime factors of o.
3, 7
What are the prime factors of -3 - ((-454)/4)/(21/42)?
2, 7
Let j = -3 - -7. Let i be 1 - 2 - (-2 - j). Suppose i*g = -5*x - 5, -7*x + 28 = -3*x - 4*g. List the prime factors of x.
3
Suppose 0*o - 5 = -5*u + o, 0 = 4*o + 20. Suppose u = h - 2*b - 11, -4*h + 118 = 2*b + 44. What are the prime factors of h?
17
Let m(q) = q**3 + 6*q**2 